 = -3*k. Let q = -6 + 8. Calculate the highest common factor of v and q.
2
Let g(u) = -u**2 + 18*u + 319. Let y be g(0). Calculate the greatest common factor of y and 77.
11
Let l(r) = -14*r - 163. Let z be l(-13). Calculate the highest common factor of 152 and z.
19
Let y(j) = j**2 - 20. Let x be y(-4). Let v = x + 5. Calculate the highest common factor of v and 2.
1
Suppose -3*h + 10 = 5*g, -6 = -h + 4*g + 3. Suppose 0 = -h*f - 27 + 97. Suppose 0 = 2*w - 53 - 31. Calculate the highest common factor of w and f.
14
Suppose -150 = 8*v - 13*v. Suppose v = 4*h + 2*h. What is the highest common divisor of h and 2?
1
Suppose 3*s - 272 = -3*t - 2*t, -248 = -3*s + t. Suppose 53*q = 98*q - 2520. What is the highest common factor of q and s?
28
Let j be 0*(-2)/4 + -3 + -6. Let y be (12/(-10))/(3/(-15)). Let t be y/j - 20/(-3). Calculate the highest common divisor of t and 2.
2
Let a(y) = -y**2 - 10*y - 24. Let f be a(-6). Suppose 2*u + f*u = -s + 8, -4*s + 41 = -u. What is the greatest common factor of s and 10?
10
Let z = 85 - 13. Let h be (-71)/(-3) - 1/(-3). Suppose -h = -2*c - c. What is the greatest common divisor of z and c?
8
Suppose 3*h + 18 = 84. Let t = -246 + 400. Calculate the highest common factor of h and t.
22
Let u = -5 + 9. Let m = -520 - -524. What is the greatest common factor of m and u?
4
Let l(g) = -g**2 - g - 6. Let n be l(0). Let z be 28/n*(-5 + 2). Suppose 2*v - 26 = 4*h, v - 14*h + 2 = -17*h. Calculate the highest common factor of z and v.
7
Let a(r) = -r**3 + 13*r**2 + 15*r - 6. Suppose -3*l + 18 = -24. Let s be a(l). What is the highest common divisor of 8 and s?
8
Let g(n) = -n**3 + 4*n**2 - 4*n + 10. Let c = -16 + 20. Let z be g(c). Let i = -2 - z. Calculate the highest common divisor of 36 and i.
4
Suppose 20*b - 25 = 25*b. Let w(x) = 2*x**2 + 6*x - 4. Let f be w(b). What is the greatest common divisor of 40 and f?
8
Suppose q - 2*q = -27. Suppose 182*w = 173*w + 162. Calculate the greatest common divisor of q and w.
9
Let a(z) = z**3 + 18*z**2 - 21*z - 2. Let l(y) = -y**2 + y + 1. Let x be l(-4). Let v be a(x). Calculate the greatest common divisor of 9 and v.
9
Suppose -4*v - 42*b = -39*b - 1633, 2*b = -v + 412. What is the greatest common divisor of v and 7?
7
Let u(z) = -14*z**2 + 4 - 12*z + 15*z**2 + 16 + 4*z. Let i be u(6). What is the greatest common divisor of 24 and i?
8
Let i = -592 - -646. What is the greatest common divisor of i and 972?
54
Let n be 4/3 + 14/21. Let t be (n/(-8)*2)/((-1)/156). What is the highest common factor of t and 6?
6
Suppose 21*h - 16*h = 1140. What is the greatest common divisor of 12 and h?
12
Let z(u) = -u**3 - 6*u**2 + 2*u + 14. Suppose 5*p + 6 = -x, -4*x - p + 0*p - 24 = 0. Let w be z(x). Calculate the greatest common divisor of w and 10.
2
Suppose 3*k = -26*k + 12586. Calculate the highest common divisor of k and 93.
31
Let k = -22 + 14. Let i(g) = -8*g. Let s be i(k). Calculate the greatest common factor of 8 and s.
8
Let b(l) = 26*l**2 - 8*l + 1. Let s(f) = 39*f**2 - 12*f + 2. Let j(n) = -7*b(n) + 5*s(n). Let o be j(1). What is the greatest common factor of o and 96?
12
Let u(m) = m**3 - 8*m**2 + 8*m - 8. Let j be u(7). Let f be j - (-5 - (-2 - -2)). Calculate the highest common factor of 4 and f.
4
Let u = -165 - -470. What is the highest common divisor of 122 and u?
61
Suppose -2*o + 125 = 81. Let c = -153 - -307. What is the highest common divisor of o and c?
22
Suppose 214 = -4*z + 342. Calculate the greatest common divisor of 416 and z.
32
Let v(u) = 51*u - 460. Let p be v(10). What is the greatest common factor of p and 1075?
25
Suppose 2*b - 10 = 14. Let v be (-931)/(-7) + -1*1. Calculate the greatest common factor of b and v.
12
Let i(j) = -j**3 + 20*j**2 + 23*j - 34. Let v be i(21). Suppose w = 4*w - 264. Calculate the greatest common factor of w and v.
8
Suppose 1 = -3*m + 10. Suppose 5*y = -5*b + 200, -m*y + 0*y + 4*b + 92 = 0. Calculate the highest common factor of y and 108.
36
Suppose -300 = -6*v + v. Let p = 1314 + -1294. Calculate the highest common divisor of v and p.
20
Suppose -7*a + 5*a = -76. Suppose -4*b + g + 1580 + 93 = 0, 3*g = 5*b - 2093. What is the greatest common factor of b and a?
38
Suppose -22*y - 84 = -28*y. Calculate the highest common factor of 28 and y.
14
Suppose 64*o = 67*o - 90. Let x(g) = 2*g**3 + 3*g**2 - 4*g + 2. Let u be x(2). Let d = o - u. Calculate the greatest common divisor of 8 and d.
8
Suppose 0 = 4*k - s - 49, 11 = 4*k + 2*s - 35. Calculate the greatest common divisor of k and 948.
12
Suppose 90*d - 81*d = 6732. Calculate the greatest common divisor of d and 34.
34
Suppose -3*j = -2*j, -5*k + 20 = -4*j. Suppose k*o = 392 + 408. Calculate the greatest common divisor of o and 25.
25
Let p(k) = -95*k**2 + 1. Let z be p(1). Let u = z + 134. Let h = u - -4. Calculate the highest common factor of 22 and h.
22
Let z = -56 - -256. Calculate the highest common factor of z and 120.
40
Suppose 2*t = 2*d - 312, 4*d + 3*t = 8*t + 626. What is the greatest common factor of d and 14?
14
Suppose -900 = 29*h - 38*h. What is the highest common divisor of h and 20?
20
Let t = -313 + 738. What is the greatest common divisor of t and 25?
25
Let z = 25 + -20. Let s(o) = -6*o - 3. Let h be s(-3). What is the highest common divisor of h and z?
5
Let k be (-18)/(-8)*640/30. What is the highest common factor of k and 6?
6
Suppose 0 = -3*o + 6*o - 75. Let k(a) = 4*a - 22. Let f(y) = -y**2 + 9*y - 6. Let n be f(7). Let s be k(n). What is the highest common factor of o and s?
5
Let r be ((-27)/6 + 5)*2054. What is the greatest common factor of 158 and r?
79
Suppose 4*x + 8 = 3*b, 5 = -4*b - 5*x + 57. What is the greatest common factor of 40 and b?
8
Suppose 0 = 13*p + 4 - 56. Let i be 8/5*(-10)/(-4). What is the highest common factor of i and p?
4
Let m(n) = -n**3 + 9*n**2 + 11*n + 34. Let q be m(10). What is the highest common factor of q and 1100?
44
Let h = -626 + 657. What is the greatest common divisor of h and 31?
31
Let d = 17 + -20. Let s be ((-4)/d)/(16/120). What is the highest common divisor of 30 and s?
10
Let y = 465 - 313. What is the highest common divisor of y and 76?
76
Suppose 12*t = -0*t + 144. Suppose 0 = -2*l - t + 48. What is the highest common divisor of 63 and l?
9
Suppose -18 = -7*z + 24. Let g(u) = u - 6. Let x be g(9). What is the greatest common divisor of z and x?
3
Let f be 10417/55 - (16/(-10) - -2). Calculate the highest common factor of 315 and f.
63
Let i(a) be the third derivative of -a**5/60 - 7*a**4/24 + a**2. Suppose 7*r + 6 + 15 = 0. Let m be i(r). Calculate the greatest common divisor of 48 and m.
12
Let z(j) = j**2 - 11*j + 4. Let f be z(11). Suppose 3*a = 2*l - 45, l - f*a = -7*a + 45. What is the greatest common divisor of 75 and l?
15
Let d be (-2)/((-2)/(-5)) - 0. Let b be (2 + 4)/((-2)/d). Let v = -252 - -267. Calculate the highest common factor of b and v.
15
Let c be ((-1211)/(-4) - -3) + (-12)/16. What is the highest common factor of 5 and c?
5
Let j(y) = 22*y - 127. Let w be j(6). What is the highest common factor of w and 145?
5
Let u(i) = i**3 - 5*i**2 - 3. Let a be u(7). Suppose 21*f + 293 = 1091. What is the greatest common factor of a and f?
19
Suppose -45*k = -83 - 322. What is the highest common divisor of 477 and k?
9
Suppose -4*t - 94 = -6*t - 4*m, m + 59 = t. Suppose 4*k - 40 = -20. Calculate the highest common divisor of k and t.
5
Let v = -15 + 41. What is the highest common divisor of v and 364?
26
Let f(p) = -13*p - 1. Let y be f(-1). Suppose r = -6 + y. What is the highest common factor of 30 and r?
6
Let m(i) be the third derivative of i**4/24 - i**3/3 + 3*i**2. Let o be m(4). What is the highest common divisor of 14 and o?
2
Let w be ((-18)/(-8) - 3)/(2/(-8)). Suppose -3*v + 4*d - 5*d + 68 = 0, v - 36 = -w*d. What is the highest common divisor of 168 and v?
21
Let h(b) = 291*b - 25. Let m be h(1). Calculate the highest common factor of m and 114.
38
Suppose -4*g + 4*z + 29 = -27, 0 = g + 2*z - 8. Let v(f) = f**3 + 11*f**2 + 8*f - 8. Let u be v(-8). Calculate the greatest common factor of u and g.
12
Let r be -1 - (-2)/((-4)/(-42)). Let m be (15 - -13) + 8/6 + 20/30. Calculate the highest common divisor of m and r.
10
Let k be 10/(-45) - (-130)/18. Suppose -k*v = 2*x - 4*v - 96, x - 2*v 